ors of 271242979?
7, 23, 240677
What are the prime factors of 82100465?
5, 16420093
What are the prime factors of 2948999949?
3, 7, 929, 50387
What are the prime factors of 25268242?
2, 12634121
What are the prime factors of 4193963807?
11, 73, 5222869
What are the prime factors of 107606930?
2, 5, 859, 12527
What are the prime factors of 73279257?
3, 19, 31, 113, 367
What are the prime factors of 1019326382?
2, 509663191
List the prime factors of 2546535.
3, 5, 169769
List the prime factors of 5125656.
2, 3, 41, 5209
List the prime factors of 376390030.
2, 5, 17, 331, 6689
List the prime factors of 511653189.
3, 170551063
List the prime factors of 395486336.
2, 7, 193, 2287
List the prime factors of 42945842.
2, 17, 1263113
List the prime factors of 15411854.
2, 7705927
What are the prime factors of 3409271155?
5, 41, 16630591
List the prime factors of 3346889566.
2, 271, 743, 8311
What are the prime factors of 477937221?
3, 107, 1488901
What are the prime factors of 4149860112?
2, 3, 47, 103, 5953
What are the prime factors of 58699721?
19, 3089459
What are the prime factors of 285454917?
3, 11, 19, 29, 5233
List the prime factors of 60982160.
2, 5, 762277
List the prime factors of 49644801.
3, 5516089
What are the prime factors of 118172440?
2, 5, 17, 173783
What are the prime factors of 1025745696?
2, 3, 1153, 3089
What are the prime factors of 805632841?
13, 1259, 49223
List the prime factors of 187557937.
7, 53, 72221
List the prime factors of 1044641829.
3, 7, 11, 41, 2251
List the prime factors of 183603303.
3, 13, 1569259
What are the prime factors of 459561593?
459561593
What are the prime factors of 224454264?
2, 3, 17, 367, 1499
List the prime factors of 499988655.
3, 5, 11110859
List the prime factors of 5633324865.
3, 5, 7, 43, 89, 4673
List the prime factors of 4349448919.
4349448919
List the prime factors of 1631471793.
3, 7, 17, 1993, 2293
List the prime factors of 928005010.
2, 5, 17, 321109
What are the prime factors of 860303385?
3, 5, 23, 683, 1217
List the prime factors of 136259055.
3, 5, 61, 49639
List the prime factors of 129907461.
3, 2251, 19237
What are the prime factors of 4491880699?
4491880699
What are the prime factors of 4748213700?
2, 3, 5, 37, 142589
List the prime factors of 2247165481.
11, 23, 751, 11827
List the prime factors of 21662207.
7, 647, 4783
List the prime factors of 1039038010.
2, 5, 61, 67, 25423
What are the prime factors of 42982318?
2, 601, 35759
What are the prime factors of 174740338?
2, 23, 165161
List the prime factors of 133782738.
2, 3, 22297123
What are the prime factors of 3409275999?
3, 17, 181, 227, 1627
What are the prime factors of 5571303503?
40433, 137791
List the prime factors of 44817618.
2, 3, 19, 393137
List the prime factors of 2759906854.
2, 17, 107, 758633
What are the prime factors of 1137837440?
2, 5, 1777871
List the prime factors of 1222435418.
2, 23, 41, 28181
What are the prime factors of 988317539?
11, 2963, 30323
What are the prime factors of 44918055?
3, 5, 7, 13, 1567
List the prime factors of 1100979786.
2, 3, 4049, 45319
What are the prime factors of 17685456?
2, 3, 368447
List the prime factors of 17910722.
2, 79, 113359
What are the prime factors of 730172463?
3, 211, 1153511
List the prime factors of 9801212.
2, 2450303
What are the prime factors of 163969934?
2, 47, 1744361
List the prime factors of 4879624276.
2, 1219906069
What are the prime factors of 9056947?
47, 131, 1471
List the prime factors of 228194331.
3, 76064777
List the prime factors of 2476769313.
3, 313, 2637667
What are the prime factors of 179299498?
2, 7, 12807107
List the prime factors of 3952298517.
3, 43, 712511
List the prime factors of 79341508.
2, 19835377
What are the prime factors of 33722837?
33722837
What are the prime factors of 4727758180?
2, 5, 389, 607681
List the prime factors of 424550971.
13, 3343, 9769
What are the prime factors of 107890075?
5, 17, 19, 31, 431
List the prime factors of 922858072.
2, 23, 881, 5693
What are the prime factors of 7479231?
3, 2493077
What are the prime factors of 1795940576?
2, 56123143
List the prime factors of 102617066.
2, 17, 67, 107, 421
List the prime factors of 15599990.
2, 5, 7, 222857
List the prime factors of 81908569.
89, 223, 4127
List the prime factors of 98601983.
98601983
What are the prime factors of 421907540?
2, 5, 19, 191, 5813
What are the prime factors of 1858514877?
3, 61, 3385273
What are the prime factors of 1068612890?
2, 5, 23, 4646143
What are the prime factors of 234962878?
2, 4099, 28661
What are the prime factors of 2903383174?
2, 269, 5396623
What are the prime factors of 838604160?
2, 3, 5, 41, 53, 67
List the prime factors of 182788437.
3, 13, 17, 275699
What are the prime factors of 362905634?
2, 7, 13, 67, 29761
What are the prime factors of 390750231?
3, 67, 199, 9769
List the prime factors of 35246438.
2, 1579, 11161
What are the prime factors of 8281219401?
3, 7, 13, 17, 41, 89, 163
List the prime factors of 5125672.
2, 307, 2087
What are the prime factors of 225633352?
2, 7, 131, 30757
List the prime factors of 135813855.
3, 5, 367, 24671
List the prime factors of 5370329513.
911, 5894983
What are the prime factors of 3548050536?
2, 3, 73, 157, 12899
What are the prime factors of 593327205?
3, 5, 23, 573263
What are the prime factors of 340702282?
2, 337, 505493
List the prime factors of 179910314.
2, 1861, 48337
List the prime factors of 442972022.
2, 2819, 78569
List the prime factors of 420906897.
3, 46767433
What are the prime factors of 298250195?
5, 41, 107, 13597
List the prime factors of 1357621497.
3, 19, 101, 78607
What are the prime factors of 775673733?
3, 258557911
List the prime factors of 4666169.
41, 113809
What are the prime factors of 851378764?
2, 23, 641, 14437
What are the prime factors of 2426664?
2, 3, 101111
What are the prime factors of 773570454?
2, 3, 23, 251, 971
List the prime factors of 202808875.
5, 1622471
List the prime factors of 7869309.
3, 7, 374729
List the prime factors of 1880639806.
2, 940319903
List the prime factors of 16000948.
2, 4000237
List the prime factors of 7281038611.
7, 11, 53, 191, 9341
List the prime factors of 107549799.
3, 7, 5121419
What are the prime factors of 74090899?
19, 31, 125791
List the prime factors of 1801843726.
2, 24697, 36479
List the prime factors of 127419388.
2, 29, 1098443
What are the prime factors of 15789680?
2, 5, 197371
What are the prime factors of 52323550?
2, 5, 37, 28283
What are the prime factors of 730718346?
2, 3, 2999, 40609
What are the prime factors of 102546519?
3, 34182173
What are the prime factors of 30359661?
3, 109, 227, 409
What are the prime factors of 1368029769?
3, 89, 5123707
List the prime factors of 2720186729.
13, 31, 6749843
List the prime factors of 1283637879.
3, 142626431
List the prime factors of 371260073.
371260073
List the prime factors of 9726699.
3, 163, 19891
List the prime factors of 63898291.
17, 3758723
List the prime factors of 602173380.
2, 3, 5, 3167, 3169
List the prime factors of 25139197.
4519, 5563
List the prime factors of 66907339.
67, 998617
List the prime factors of 114456521.
53, 2159557
What are the prime factors of 156399586?
2, 7, 23, 191, 2543
What are the prime factors of 1439935245?
3, 5, 7, 151, 10091
List the prime factors of 5182897916.
2, 7, 17, 503, 21647
What are the prime factors of 1404004883?
1404004883
What are the prime factors of 83970341?
7, 13, 29, 47, 677
List the prime factors of 32201068.
2, 8050267
What are the prime factors of 91661627?
91661627
What are the prime factors of 58599175?
5, 2343967
List the prime factors of 1015453998.
2, 3, 13, 4339547
What are the prime factors of 77452034?
2, 11, 17, 41, 5051
What are the prime factors of 1150401707?
7, 13, 491, 25747
What are the prime factors of 2072964127?
13, 159458779
List the prime factors of 3205879049.
137, 1303, 17959
List the prime factors of 5362811351.
19, 282253229
List the prime factors of 3228853059.
3, 358761451
What are the prime factors of 58157823?
3, 23, 113, 7459
List the prime factors of 202537056.
2, 3, 2109761
What are the prime factors of 37274086?
2, 19, 980897
What are the prime factors of 1409583846?
2, 3, 11, 21357331
List the prime factors of 4061651565.
3, 5, 19, 